-19 - (-18 - 6))?
10
What is the value of (10 + 6 - 9) + -19 + 2?
-10
2 - ((4 - -19) + 6)
-27
-3 - (12 + 4) - (-6 + 3 + -3)
-13
What is -4 - (-15 + 11 + -4 + 11)?
-7
What is -46 - (0 + -12) - (-5 - -1 - 6)?
-24
Calculate (20 - 37) + (6 - 8).
-19
Evaluate (6 - -18) + -33 - (1 - 3).
-7
What is the value of 28 + -32 + -13 + 26?
9
What is the value of -1 + (-1 - 1) + 3 + (22 - 20)?
2
Evaluate 7 - (-39 - -51 - (2 - -2)).
-1
Evaluate -5 + (5 - (1 - 15)) + -3 + -32.
-21
Evaluate 13 - (-11 + (-4 - 0 - -33)).
-5
What is the value of 114 + -128 - (6 + -32)?
12
(-45 - -20) + 63 + -16
22
Evaluate -7 + (1 - (7 - 7) - -7) - -1.
2
Evaluate -62 + 71 - (-2 - (-3 - -4) - -12).
0
0 + -7 + 74 + -60 + 2
9
What is the value of (6 - 1) + 20 + -19 + -3?
3
Calculate (-70 - -71) + -2 + (0 - 1 - -3).
1
What is (-31 - (-19 - -1)) + (1 - 4)?
-16
(-27 - -35) + 5 + 5 + -2 + 0
16
Evaluate (59 - 82) + 4 + (3 - 3).
-19
What is 1 - -12 - (3 + -4 - (7 - 7))?
14
Calculate 28 + 9 + -6 + -12.
19
Evaluate (-6 - (0 + -13)) + -5 + 13.
15
Calculate 1 + 18 + -20 + (11 + -12 - -15).
13
What is the value of 3 - (-3 - -12) - (24 + (-17 - 1))?
-12
What is 0 - 17 - ((-75 - 9) + 28)?
39
What is the value of 21 + (-20 + 11 - 6)?
6
Calculate 22 - (-43 + 122 + -20).
-37
Evaluate 9 + (4 - (6 + (3 - 1))).
5
(-14 - -16 - -17) + -35
-16
-7 - -1 - (-37 - (4 - (5 + 14)))
16
Calculate 9 - 0 - 1 - -4.
12
Calculate -6 + -3 + (17 - -8) + 18 + -2.
32
Calculate -7 + -1 + (35 + -3 - 24).
0
What is 24 + (-32 - -41 - (0 - -20))?
13
Calculate -25 + (-15 - (-15 - 13)).
-12
-9 + (13 - -4) + (3 - 21)
-10
Evaluate (-7 + 1 - -3) + (7 - -4).
8
-8 + 2 + -2 + (-50 - (17 + -88))
13
Evaluate -13 - ((-1 - 2) + (19 - 26)).
-3
Evaluate -19 - 4 - (42 - 51).
-14
What is (-11 - -14) + 15 + -4 + -2?
12
What is the value of -24 - (45 - 45 - 1)?
-23
What is the value of 4 + -7 + 2 - (64 + -59)?
-6
(-17 - -23) + 8 + 1 + -8 + 4
11
Calculate 5 - ((33 - 32) + (-1 - 8) - -6).
7
Evaluate -563 + 554 + -9 + 2 + -1.
-17
Evaluate 3 - -6 - (-14 - -25) - 9.
-11
Calculate 8 - (10 - -10) - -4 - (16 - 7).
-17
Evaluate -10 + 20 + -1 + -5.
4
What is the value of (21 - (-7 - (-3 + -14))) + 0?
11
-32 + (15 + -36 - -74)
21
Calculate -4 + -4 - (-7 + -9 + 12).
-4
2 - (-8 - (-1 + 6 + -8)) - 11
-4
Calculate 3 + (-4 - 4) - (5 + -6 - -5).
-9
What is the value of -20 - 1 - (11 - 16 - 3)?
-13
-29 + (20 - -2) - -17
10
What is the value of 10 - -1 - (3 + (-9 - -8) + -2)?
11
What is the value of -4 + (-446 + 451 - ((-1 - -1) + 1))?
0
What is (40 - 48) + (8 + (3 - 2) - 0)?
1
What is -8 - ((6 - 3) + 4) - -37?
22
What is -5 - 1 - -1 - -2 - -20 - 6?
11
What is the value of -24 + 437 + -419 + (1 - 2 - 7)?
-14
What is -6 - ((-1 - (11 + -7)) + 7)?
-8
7 + -10 + (-3 - -5 - -8) + 15
22
Calculate 4 + -9 + 4 + 1 + (-14 - -24).
10
Calculate 0 + (21 + -6 - 3).
12
Calculate -8 - (-11 - -14 - 9).
-2
What is the value of 23 - (-26 + 33) - 42?
-26
Calculate 15 - (-12 - (-19 + -2)) - (2 + 1).
3
(-4 - 0) + (-3 - -1) + 5 + -2
-3
What is the value of -19 + 24 + -48 + 21?
-22
Evaluate 9 + (-12 - 6) + 3 + -13 - 1.
-20
What is the value of 7 + (2 - (-4 - -4) - 18 - 4)?
-13
What is the value of -1 - (13 + 9 - 10)?
-13
Evaluate -3 - 13 - -15 - -13.
12
What is the value of (2 - 2) + 9 + (-29 - -18)?
-2
Evaluate (92 - 100) + 5 + 0 - -2.
-1
What is -7 - ((-3 - -4) + -7 + -17)?
16
Calculate -5 - ((-56 - -33) + 24).
-6
What is the value of (-6 - 5 - (-2 - 3)) + 10?
4
Calculate 14 + (-7 - (-3 + 6 - (35 - 18))).
21
What is -19 + 13 + -3 + (-10 - 0)?
-19
Calculate -8 + -12 + 22 - (3 + 2).
-3
What is the value of -10 - (11 - 12) - (-4 - (-2 - -1))?
-6
Evaluate -4 + (8 - (-3 - -6)) - 8.
-7
Calculate -3 - (11 + (-1 - 4) + 4).
-13
What is the value of (1 - (-2 - -2) - (26 - 26)) + -7?
-6
What is -22 + (-1 + 5 - (34 - -7 - 33))?
-26
Calculate -16 + (5 - 3) + 2 + -8.
-20
What is 5 - (70 + -55 + 2 + 3)?
-15
What is the value of 0 - (3 + 15 + -44 + 57)?
-31
0 + 1 + 12 + (-26 + 16 - 6)
-3
What is the value of 6 + (-8 - (-14 - -22))?
-10
What is 0 - (-27 - (4 + -19)) - 2?
10
Evaluate 0 + 14 - 5 - 10.
-1
Evaluate (8 - 5 - (-21 - -15)) + 8.
17
What is (-1 + (-6 - 7) - -30) + 8?
24
What is the value of 9 + -25 + 7 - (8 + 5 - 55)?
33
What is 4 - (4 + 8 + 3 + -8)?
-3
What is the value of 3 - (-8 - (25 + -20))?
16
Calculate 12 + (-11 - (-11 + (5 - -6))) + 27.
28
Calculate 12 + 14 - 19 - (3 + -1).
5
Calculate (32 - (-11 - -36)) + -37.
-30
What is the value of -9 + (-5 + 50 - 17)?
19
What is the value of (3 + -2 - (2 - -2 - 6)) + 0?
3
-1 + (2 - (4 + -7)) + -4 - -8
8
What is the value of 6 + -50 + (2 - -5) + 5?
-32
Evaluate (-1 - -11) + -1 + 5 - -1.
15
22 + (-6 - (-5 + 10)) + (5 - 1)
15
What is the value of -14 + 0 + 24 - (-1 - -8)?
3
Calculate 10 + -10 + -7 - -1 - -30.
24
What is -46 + 23 + 12 + 30?
19
Evaluate (-7 - (4 + -4)) + (46 - 54).
-15
What is -13 + 3 - -9 - (3 - (2 + -4))?
-6
What is the value of (-23 - -9) + (13 - -9)?
8
(-3 - -11 - (-39 - -37) - 9) + 21
22
What is the value of -43 - (-14 - (24 - 10))?
-15
Evaluate -20 + 7 - 11 - -15.
-9
(15 - (0 - 11)) + -21
5
What is -18 - (-13 - (-8 + 3))?
-10
Calculate -4 - 1 - (-72 - -76) - 12.
-21
What is the value of 0 + 4 + (-15 - 11 - -34)?
12
What is the value of 1 + -2 - -6 - (4 - (5 - -6))?
12
Calculate 5 - (-2 + 8) - 6 - 0.
-7
Calculate -20 + 0 - (6 + (-18 - (-2 + -9))).
-19
What is 6 + (-8 - (9 + 7 + -8 - 14))?
4
Calculate (22 - (40 - 11)) + (-2 - -32).
23
Evaluate -1 + 14 - (6 + (1 - 7) + 4).
9
(101 - 115) + -1 + 12
-3
12 + 0 - 1 - (2367 + -2378)
22
What is the value of -4 - ((14 - 6) + -2)?
-10
8 - (3 - 14 - (27 - 37))
9
Calculate 6 + 1 + (-24 - (-12 - -6 - 2)).
-9
What is (-46 - -22) + 0 + -4 + (13 - 18)?
-33
What is the value of 1 + 5 + -11 - -5 - -1?
1
What is the value of 32 + -15 - 13 - (12 - -20)?
-28
What is 19 - 12 - (34 + -35)?
8
What is the value of -2 - (7 + 2 + 2 + -3 - -6)?
-16
What is 10 - (2 + -6 + 8 + 4)?
2
Evaluate -15 + 25 + -6 - (-6 - 1).
11
Evaluate 39 - 8 - (59 - 51).
23
What is the value of 20 + -9 - (-6 + (17 - 5))?
5
Evaluate 82 - 87 - (-12 - (-10 + 4)).
1
What is (-1 - -3 - 1 - -7) + -8 + 10?
10
What is the value of 22 + -1 - (10 - 3) - 2?
12
-4 + -12 + 2 + 14 + 25 + -23
2
Calculate 24 + -28 + (-6 - -3) + 0 + -1.
-8
-23 - (-1 + (-13 - (-9 + 7)))
-11
What is the value of 16 - (31 + -23) - 27?
-19
13 - 4 - (-3 - ((-4 - 0) + 4))
12
What is (-7 - 6 - 4) + (70 - 37)?
16
Calculate (1 + 3 - (138 - 135)) + -5.
-4
Evaluate -16 + (18 + -12 - -25).
15
-12 + (-23 + 51 - 12)
4
What is the value of 0 + -8 + 3 - (-12 - -11)?
-4
What is the value of (-17 - (-9 + (-1 - 3))) + 1 + -3?
-6
What is the value of (-94 - -93) + 9 + 1?
9
Calculate -5 - (-7 + (-16 - -10)).
8
Evaluate -19 - ((6 - 8) + -8) - -13.
4
What is -22 + 16 + 35 - 8?
21
Evaluate 6 - (7 - (7 - (2 - -6) - 3)).
-5
9 + -12 + -24 + 0 + 11
-16
8 + (-4 - (-4 + 7)) + 5
6
Evaluate 8 - (22 - (7 + -1)) - 2.
-10
Evaluate (45 - (74 - 38)) + -38.
-29
Calculate 126 - 108 - (3 - 6).
21
What is the value of 0 - ((2 - 2 - 1) + 1)?
0
What is 6 - -5 - 12 - (8 + -1) - 0?
-8
What is -133 - -123 - (-12 - (-1 - -1)) - 20?
-18
What is (-50 - -10) + 20 - (6 - (3 + -1))?
-24
5 + (-30 - (5 - (11 + -16)))
-35
Evaluate -1 - ((-3 - -7) + -4) - -11.
10
Calculate -17 - (-10 + (-12 - -15)).
-10
Evaluate 0 + -13 - (-210 - -206).
-9
14 + -26 - -15 - 22
-19
Evaluate 8 - 5 - (24 + -28).
7
1 - (6 + (6 - 0))
-11
Calculate -3 + 2 + 2 - 3 - -4.
2
What is -23 + (-27 - -43) - 30?
-37
Calculate 8 + (-5 - (22 - 3)) + 8.
-8
What is the value of -181 + 183 + (2 + 1 - -2)?
7
Calculate 316 + -297 - (-10 - -1).
28
Evaluate -2 + 0 + (-13 - -6).
-9
What is the value of (-6 - -2) + -1 - (1 + 4 - -4)?
-14
Evaluate 5 + (-7 - -6) + 56 + -10 + -12.
38
What is the value of (23 - -2) + (10 - 23)?
12
7 + 6 - (-5 + 4)
14
(3 - (-8 + -9 + 30)) + 13
3
What is (0 + 14 - (6 - -2)) + -1 + -3?
2
Calculate (19 - 0 - 25) + -1 + 2.
-5
Calculate 14 + -5 + -4 + -13 + 2.
-6
Calculate 34 + -21 + -13 + 1 + 2 + 25.
28
What is the value of -4 - (59 - (51 - 16))?
-28
Evaluate -4 + (7 - (-14 + 14)) - -2.
5
Evaluate (-18 - -2) + (-90 - -89 - (-6 - 0)).
-11
Evaluate (4 + -3 - -3 - -9) + 4.
17
Calculate -13 - (-17 - -15 - 25).
14
7 + 6 + -25 + 14
2
Evaluate 5 + (-18 + 2 - -8) + 17.
14
What is 100 - 99 - (1 + 0) - 22?
-22
What is the value of (-20 - -15) + (2 